{"id":464,"date":"2024-06-28T14:53:38","date_gmt":"2024-06-28T17:53:38","guid":{"rendered":"https:\/\/acervodigital.grupoiza.com.br\/?post_type=product&#038;p=464"},"modified":"2024-06-28T17:03:09","modified_gmt":"2024-06-28T20:03:09","slug":"como-derrotar-a-ansiedade","status":"publish","type":"product","link":"https:\/\/acervodigital.grupoiza.com.br\/?product=como-derrotar-a-ansiedade","title":{"rendered":"Como Derrotar a Ansiedade"},"content":{"rendered":"<p>Arquivo em formato PDF para download<\/p>\n","protected":false},"excerpt":{"rendered":"<p>Voc\u00ea est\u00e1 constantemente com medo, preocupado ou talvez nervoso? Voc\u00ea tem problemas para dormir ou sempre se sente cansado e em p\u00e2nico? Voc\u00ea sempre se pergunta por que n\u00e3o para de se preocupar e por que ainda tem medo? Voc\u00ea gostaria de poder superar esses problemas para poder come\u00e7ar a viver a vida que deseja?<\/p>\n","protected":false},"featured_media":484,"template":"","meta":[],"product_cat":[26],"product_tag":[],"_links":{"self":[{"href":"https:\/\/acervodigital.grupoiza.com.br\/index.php?rest_route=\/wp\/v2\/product\/464"}],"collection":[{"href":"https:\/\/acervodigital.grupoiza.com.br\/index.php?rest_route=\/wp\/v2\/product"}],"about":[{"href":"https:\/\/acervodigital.grupoiza.com.br\/index.php?rest_route=\/wp\/v2\/types\/product"}],"version-history":[{"count":2,"href":"https:\/\/acervodigital.grupoiza.com.br\/index.php?rest_route=\/wp\/v2\/product\/464\/revisions"}],"predecessor-version":[{"id":489,"href":"https:\/\/acervodigital.grupoiza.com.br\/index.php?rest_route=\/wp\/v2\/product\/464\/revisions\/489"}],"wp:featuredmedia":[{"embeddable":true,"href":"https:\/\/acervodigital.grupoiza.com.br\/index.php?rest_route=\/wp\/v2\/media\/484"}],"wp:attachment":[{"href":"https:\/\/acervodigital.grupoiza.com.br\/index.php?rest_route=%2Fwp%2Fv2%2Fmedia&parent=464"}],"wp:term":[{"taxonomy":"product_cat","embeddable":true,"href":"https:\/\/acervodigital.grupoiza.com.br\/index.php?rest_route=%2Fwp%2Fv2%2Fproduct_cat&post=464"},{"taxonomy":"product_tag","embeddable":true,"href":"https:\/\/acervodigital.grupoiza.com.br\/index.php?rest_route=%2Fwp%2Fv2%2Fproduct_tag&post=464"}],"curies":[{"name":"wp","href":"https:\/\/api.w.org\/{rel}","templated":true}]}}