{"id":627,"date":"2024-07-01T09:36:57","date_gmt":"2024-07-01T12:36:57","guid":{"rendered":"https:\/\/acervodigital.grupoiza.com.br\/?post_type=product&#038;p=627"},"modified":"2024-07-01T13:17:56","modified_gmt":"2024-07-01T16:17:56","slug":"guia-para-o-freelancer-online-de-sucesso","status":"publish","type":"product","link":"https:\/\/acervodigital.grupoiza.com.br\/?product=guia-para-o-freelancer-online-de-sucesso","title":{"rendered":"Guia para o Freelancer Online de Sucesso"},"content":{"rendered":"<p>Arquivo em formato PDF para download<\/p>\n","protected":false},"excerpt":{"rendered":"<p>Quando voc\u00ea pensa em freelancer, qual \u00e9 a primeira coisa que vem \u00e0 sua mente? Voc\u00ea provavelmente pensa em um escritor, romancista ou jornalista imediatamente.<\/p>\n<p>Isso ocorre principalmente porque, durante s\u00e9culos, o \u00fanico trabalho real que voc\u00ea poderia ter como freelancer tinha a ver com o dom\u00ednio da palavra escrita.<\/p>\n<p>Mas ainda n\u00e3o estamos presos no in\u00edcio das d\u00e9cadas de mil e novecentos &#8211; n\u00e3o, estamos no s\u00e9culo XXI, um tempo que aprecia freelancers em centenas de empregos diferentes.<\/p>\n","protected":false},"featured_media":628,"template":"","meta":[],"product_cat":[27],"product_tag":[],"_links":{"self":[{"href":"https:\/\/acervodigital.grupoiza.com.br\/index.php?rest_route=\/wp\/v2\/product\/627"}],"collection":[{"href":"https:\/\/acervodigital.grupoiza.com.br\/index.php?rest_route=\/wp\/v2\/product"}],"about":[{"href":"https:\/\/acervodigital.grupoiza.com.br\/index.php?rest_route=\/wp\/v2\/types\/product"}],"version-history":[{"count":1,"href":"https:\/\/acervodigital.grupoiza.com.br\/index.php?rest_route=\/wp\/v2\/product\/627\/revisions"}],"predecessor-version":[{"id":630,"href":"https:\/\/acervodigital.grupoiza.com.br\/index.php?rest_route=\/wp\/v2\/product\/627\/revisions\/630"}],"wp:featuredmedia":[{"embeddable":true,"href":"https:\/\/acervodigital.grupoiza.com.br\/index.php?rest_route=\/wp\/v2\/media\/628"}],"wp:attachment":[{"href":"https:\/\/acervodigital.grupoiza.com.br\/index.php?rest_route=%2Fwp%2Fv2%2Fmedia&parent=627"}],"wp:term":[{"taxonomy":"product_cat","embeddable":true,"href":"https:\/\/acervodigital.grupoiza.com.br\/index.php?rest_route=%2Fwp%2Fv2%2Fproduct_cat&post=627"},{"taxonomy":"product_tag","embeddable":true,"href":"https:\/\/acervodigital.grupoiza.com.br\/index.php?rest_route=%2Fwp%2Fv2%2Fproduct_tag&post=627"}],"curies":[{"name":"wp","href":"https:\/\/api.w.org\/{rel}","templated":true}]}}